 + 18 + 0 + -5
8
16 + -12 + (21 - 18)
7
Calculate -1 + -10 - (-2 + 2 + -5).
-6
Calculate 27 + -11 + -15 - (-3 + 1 - -2).
1
Evaluate (-28 - -46) + (-1 - 9).
8
(1 - (-2 - -2)) + -21 + -25 + 39
-6
What is the value of -4 - (11 + (-12 - -10)) - -15?
2
Calculate (-59 - (60 + -135)) + (3 - 2) + 8.
25
Evaluate (-4 - 0) + (-19 - -35) + -10 - -6.
8
Calculate 2 + (19 + -36 - (2 + -5)).
-12
What is the value of -4 + -2 - (25 + (-60 - 10))?
39
What is the value of -1 + (15 - (30 + -11)) + -14?
-19
3 + (-40 - -36 - (0 - -10))
-11
Calculate 1 - 6 - (-23 + 12 + 9).
-3
Calculate (30 - (-4 - -5)) + -11 + 1.
19
Calculate 12 + 6 + -23 + 14 + -7.
2
Evaluate (-1 - 11) + 11 + -4.
-5
What is the value of -2 + 2 + (57 - 57)?
0
Evaluate 6 - (28 + -17 + (0 - -8) - 4).
-9
What is the value of 6 + 0 - (32 - 24)?
-2
Evaluate 4 - (-2 + 0 + 3 - (32 + -35)).
0
What is -26 - -3 - ((12 - 18) + -1)?
-16
What is the value of -14 + 39 - (2 + -1) - 10?
14
Evaluate -4 + 9 + 7 - (5 - 11).
18
-80 + 84 - (-15 + 2)
17
Evaluate -7 + 28 + 0 + -33.
-12
What is (-7 - -60) + -71 - (1 - -17)?
-36
-21 + 6 + 25 + -1 + -10
-1
Evaluate 9 + -1 + -1 + -15 + 16.
8
What is (-278 - -306) + (-2 - -2) + (-1 - -2)?
29
Calculate -10 - (-34 - -17) - 23.
-16
-4 + (12 - (-8 - -11)) + -2
3
What is 16 + (0 - -9) + -19?
6
Calculate -2 + 25 + -58 + 16.
-19
5 - (14 - (28 + -14))
5
What is the value of -4 - (-16 + (-11 - -22))?
1
Evaluate (7 - 5) + 6 + -6 + 5.
7
20 - (-22 - -61) - (-2 + (2 - 3))
-16
Evaluate (103 - 127) + (-4 - -15).
-13
What is 12 + -17 + 7 + 13 + -37?
-22
Calculate -36 + 24 - (24 + (-8 + 5 - -2)).
-35
1 + -29 - (9 - -2) - -7
-32
-11 + -1 - (12 - (11 + 9))
-4
Calculate 3 + (-3 + 2 - -5 - -2 - 12).
-3
Calculate 9 - ((27 - 1) + (11 - 21)).
-7
Calculate -15 - (-22 + -28 - -20).
15
What is the value of (-1 - -3 - 13 - -8) + -5 - -6?
-2
Calculate -7 - (8 + -2 + -17 + 2 - -4).
-2
What is -5 + 9 + -3 + -1?
0
What is -10 - ((10 - 3) + 5 + -16)?
-6
Calculate 9 - (-9 - ((-3 - -5) + -21)).
-1
What is 2 - -11 - 2 - (-666 - -689)?
-12
What is the value of -4 + (5 - 5 - 2) - 12?
-18
Evaluate 19 - (-6 + 0) - (17 - 6).
14
Evaluate 12 + -2 - 59 - -16.
-33
What is (0 + -4 - (-15 + 15)) + 0 + 0?
-4
What is the value of -2 + 36 - (-17 - (-5 + -14 - 0))?
32
Evaluate (2 + 13 - 10) + -9 - 4.
-8
What is 16 - (51 + -23 - 13)?
1
Evaluate 18 + -19 + -9 - -22.
12
What is 12 + (3 - 15) + 12 + -1?
11
Calculate -2 + (-15 + 15 + (1 - 4) - -16).
11
What is the value of -19 - (6 + -18 + 3)?
-10
Calculate (-4 + -1 - (-115 - -111)) + 28 + 0.
27
Evaluate -1 + -1 + (-2 + 1 - (1 + -11)).
7
Calculate 19 + (10 - (-1 - -23)) - 13.
-6
What is 3 - -17 - (9 - (4 - 2)) - 3?
10
Calculate -58 + 75 - (1 - -31).
-15
What is -2 + (4 - 2) + (-720 - -740)?
20
What is -10 + (-1 + 6 - (-33 - -39)) + 2?
-9
What is -11 - 2 - (20 - 29)?
-4
Calculate (-17 - -2 - (-41 - -35)) + 4 + 1.
-4
(604 - 587) + (-9 - -2)
10
-642 - -617 - (-2 - (1 + -9))
-31
What is 15 + -23 - (-4 - (-26 - -8))?
-22
Calculate (-6 - (-9 - 7)) + -1 + 4.
13
Evaluate (9 - (-64 - -37)) + 1 + -2 + -8.
27
What is 0 + (160 + -153 - (-1 + 11))?
-3
What is the value of (6 - 4 - (17 - 11)) + 6?
2
What is the value of 7 - (2 - (-7 + 10 + -6))?
2
What is (2 - (94 + -88 - (0 - 1))) + 5?
0
-6 + (12 - 7) - 7 - -16
8
What is -6 + (6 - (0 + 8) - -9)?
1
Calculate -5 - (15 + -53 - -11).
22
What is the value of 10 - (1 + -2) - (1421 - 1433)?
23
Calculate 20 - ((-8 - 1) + -5 - -19).
15
15 + -9 - (30 + -16)
-8
What is the value of (5 - 0) + (-8 + -10 - (-1 + -5))?
-7
-8 + 4 + -4 + 2 + 2 + 2
-2
-62 + 0 - (-468 + 436)
-30
1 - 2 - (13 - 19 - -7)
-2
What is the value of 44 + (-27 - -18) + -29?
6
Evaluate (13 - 2) + (1 - -6 - 43).
-25
What is the value of 0 + (8 - 2 - 12) - (4 - 2)?
-8
What is the value of -12 - ((-67 - -58) + 0 + 0)?
-3
Calculate (15 - (26 + 9)) + (13 - 2).
-9
4 - ((0 - 0) + -11 + 36 - 4)
-17
Calculate -4 + (10 + -8 - 4) + 1 + 20.
15
Calculate -8 - (12 - 14 - (9 - 3 - 1)).
-1
Calculate (24 - 41 - -1) + 42.
26
-4 + (-2 + 7 + -4 - -2) + 3
2
1 + -18 + -18 + (39 - 18)
-14
What is (0 + -39 - -32) + 1?
-6
-105 + 103 - (0 + 2 + -3) - 10
-11
What is the value of -21 + (-14 - -14) + 3?
-18
40 + -22 - (46 - 32)
4
What is (2 - -15) + 5 + -22?
0
Evaluate 1 - (5 - (-14 - -8)) - (-4 + 1).
-7
7 + 13 + (17 - 19)
18
Evaluate -7 + (-3 + 15 - 12).
-7
What is (20 - -5) + -43 - (3 - -5)?
-26
Calculate 31 - (23 + (43 - 17)).
-18
What is -33 + (24 - (-29 + 7))?
13
What is -1 + -5 - ((1 - 16) + 16)?
-7
What is -83 + 97 - (3 - 2)?
13
Calculate (-126 - -105) + (2 - 2 - -9).
-12
Evaluate 21 + (14 - (-9 - -20)).
24
-90 - -46 - (2 - (10 + -6))
-42
Calculate 5 + -2 - (-7 + -3 + 12).
1
What is the value of 29 - (21 - (-2 + 14))?
20
1 + (-1 - 2) + (718 - 711) + 7
12
(7 - -2) + (-18 + 2 - -2)
-5
What is (-114 - -160) + (-23 - -3)?
26
Evaluate -15 + 31 + (-5 - (-2 - (-11 + 6))).
8
What is 1 + -7 - (33 - (-4 - -38))?
-5
What is the value of (-1 - -28) + (4 - 4 - (-22 - -30))?
19
What is 6 - (1 + (12 - 14))?
7
Evaluate 2 - (-25 - ((15 - 21) + 0)).
21
What is 1 + 1 + (-6 - -15 - (-14 + 21))?
4
Evaluate 15 - (15 - 9 - 8).
17
What is the value of -29 - (-41 - -24) - (-2 - 9) - 21?
-22
(-2 - -1 - 0) + (43 - (78 - 47))
11
-160 + 182 - (-1 + -1)
24
What is 1 - -2 - (-4 + (8 - 10))?
9
Calculate -41 + -20 + 25 - -18.
-18
Evaluate 13 - (7 - (-8 + 6 + (6 - -12))).
22
What is 14 + -16 + (-4 - -7) - (-2 + 13)?
-10
Evaluate 464 + -460 + -1 + -36.
-33
Evaluate -22 - ((18 - 16) + -19).
-5
Calculate 167 + -172 + ((-4 - -2) + 1 - -19).
13
What is 5 - (1 - -15) - (-10 + 1 + 2)?
-4
What is the value of (-8 - (2 - -9)) + 29?
10
What is (-7 - (6 + -2)) + 17 - -30?
36
11 + 25 - 33 - (-1 - -7)
-3
Evaluate 9 + (2 - 27) + 38.
22
What is 5 + (-6 - (-11 - -6)) - (4 + -7)?
7
What is -5 + (7 - 19 - (-17 - -5))?
-5
Evaluate -1 + 0 + -4 + -19 + 21 + -6.
-9
Calculate -32 + 4 + 25 + 9 + (-23 - 1).
-18
Evaluate (-19 - 6) + -4 - -18.
-11
Calculate -98 + 84 - (3 + -2).
-15
What is -67 - -90 - (14 + 0) - 3?
6
Calculate -3 + -7 - (109 - 110 - (-9 + 1)).
-17
Calculate 22 - ((21 - (-2 + 12) - 11) + 10).
12
Evaluate 0 + -7 - (0 - 5).
-2
What is the value of -21 + 11 - -9 - -9?
8
Evaluate (-7 + 10 - -4) + (-23 - (8 + -7)).
-17
What is (-620 - -595) + 24 + -2?
-3
Calculate 7 + 4 + (-5 - -2 - 3).
5
-6 - (-17 + 2) - (37 + (-7 - 2))
-19
What is 12 + (-25 - -12) - -8?
7
What is the value of (3 - (-9 - 0 - (-4 + -1))) + 0?
7
Calculate (14 - -1) + (-16 - (-24 + 15)).
8
16 - (0 + -3) - (18 - 23 - -7)
17
Evaluate 1 + -4 - (560 + -562).
-1
What is the value of (-64 + 50 - (3 + (-10 - 0))) + -1?
-8
Calculate -2 + 7 + -12 - (21 + -11 - 51).
34
What is the value of (-5 + 15 - 20) + 17?
7
-41 + 13 + (8 - 15 - -9)
-26
Calculate 17 - (12 + -10) - (-2 - -7).
10
315 - 314 - (2 + 0 - (-1 - 2))
-4
What is the value of -10 + -1 - (376 - 378)?
-9
(-27 + 27 - 31) + 63
32
Evaluate -11 + (-10 - (-9 - 17)) + (-8 - 0).
-3
-18 - (-27 + 33 - 16)
-8
What is 11 - (26 - 14 - (-5 + 5))?
-1
Evaluate -18 - 18 - (-40 - 12).
16
What is (-1 + 0 - 5) + (-27 - -13) + 21?
1
What is -17 - (28 + -41 + -12)?
8
What is the value of -3 + -7 + 29 + -21?
-2
-15 + 22 - 1 - -7
13
Evaluate (4 - 9) + 4 - (34 - 28).
-7
What is the value of 6 - (-14 - (20 - 20))?
20
Calculate (-83 - -85) + 0 + 0 + (-6 - 0).
-4
Evaluate (-14 - 8) + -8 + (7 - -4).
-19
What is 16 + -10 - ((-2 + -2 - -1) + -2)?
11
What is 2 - (10 - 25) - (9 - -14)?
-6
(1 - -17) + (57 - 63)
12
Calculate -21 + 52 + (-1 - -8 - 7).
31
What is (9 - -1) + -5 + -5 + 4?
4
What is the value of 9 + -36 + 13 - -9?
-5
11 + 31 + (2 - 20) + -45
-21
What is the value of 0 + -1 + -3 - (11 + -11 + 2)?
-6
Evaluate -12 - ((2 - 15) + (14 - 17)).
4
-2 - (-13 + 4) - (-10 + 3 + 2)
12
Calculate 12 + 22 + -37 - (1 + -5).
1
What is the value of -34 + -3 + 7 + (-22 - -16 - -13)?
-23
Calculate 27 + (-1 + 2 - (22 + -16)) + 2.
24
Evaluate 9 + (-28 - (-29 + -7)).
17
What is the value of (-4 - (7 + -5 + -3) - 4) + 8?
1
Calculate -15 - (3 + -2) - (51 - 64).
-3
Evaluate (-14 - (-6 - (9 - -8))) + -35.
-26
What is 1 - 7 - 0 - (-310 + 320)?
-16
8 + -12 - (25 + -16)
-13
(81 - 98) + -1 + 31 + 13
26
3 - (1 + -7 + -7 + 2 + 1)
13
Calculate (3 - 8) + -1 + 7 - (-111 + 104).
8
Evaluate (-2 - 0 - (-1 + 4) - -11) + -14.
-8
What is the value of -57 + 50 + 0 + 5 + 31?
29
Calculate 10 - 30 - (-5 + 0).
